**2 + 3*g + 13. Suppose -205 = 245*i + 707 - 177. Calculate n(i).
49
Let g(q) be the second derivative of 0*q**4 - 3*q**2 - 1/3*q**3 + 0 + 22*q + 1/20*q**5. Give g(0).
-6
Let x(m) = -m**2 - 7761*m**3 - 2*m - 3*m**2 + 7758*m**3. Let r(h) = 5*h**3 + 8*h**2 + 4*h + 1. Let u = -10 + 17. Let z(f) = u*x(f) + 4*r(f). Give z(3).
19
Let p(a) = 31*a + 123*a**2 + 186*a**2 + 2*a**3 + 41 - 278*a**2 - a**3. Give p(-30).
11
Suppose -2088 = -18*p + 10*p. Suppose 4*k = w + 4*w + p, -5*w - k - 266 = 0. Let c = -55 - w. Let d(u) = -3*u**2 - 3*u - 2. Calculate d(c).
-8
Let o(c) = -c**3 + 11*c**2 - 10*c - 19. Let a = -7738 + 7747. Determine o(a).
53
Let g(q) = -q**3 + 13*q**2 + 3*q - 23. Let r(b) = -36 + 12*b**2 - b**3 + 15 + 4*b + 0*b. Let o(a) = 4*g(a) - 5*r(a). What is o(9)?
22
Suppose 4*f = -z - 2*z - 8, -2*f = -z + 14. Suppose 4*a = 2*j + 227994 + 100402, -6 = 3*j. Let p(v) = 82096*v + 6 - 4 - a*v. What is p(z)?
-6
Let s = 6 + -1. Let w(y) = -s*y**2 + y + y - y**3 + 0*y. Let c = 996671 - 996676. Calculate w(c).
-10
Suppose 0 = 92*v - 104*v. Let f(o) be the first derivative of 1/3*o**3 + 1/2*o**2 - 4 + 8*o. Calculate f(v).
8
Let j(g) = -39*g + 737. Let a be j(19). Let t(o) = -1. Let y(h) = -2*h**2 - 5*h - 1. Let x(w) = 5*t(w) - y(w). Determine x(a).
8
Suppose 0 = 55*a + 1844 - 2394. Let j(h) = -h**2 + 14*h - 61. What is j(a)?
-21
Let k(v) = 66*v - 10. Suppose -4*q - 13 = w, -3*w - 2*w - 3*q = 14. Determine k(w).
-76
Let v = 9835 - 9830. Let h(p) = 21*p - 17. Give h(v).
88
Let y(i) = 5*i**2 - i. Let c be ((216/(-64))/9)/((-5 + -3)/64). Give y(c).
42
Let c(q) = 2*q + 1. Let v(j) = 2*j**2 - 4*j - 4. Let b(d) = d**2 - 15*d + 59. Let z be b(7). Let r(x) = z*c(x) + v(x). Suppose -20 = 5*u - 5. Determine r(u).
11
Let y(m) = -m**3 - 5*m**2 - 5*m + 4. Let z = 73 - 63. Let f(c) = -18 - z*c + 22*c - 5*c - 9*c. Let h be f(-7). Determine y(h).
8
Let g(p) = 28*p + 67. Let n be g(-11). Let u = n - -235. Let k(r) = 3*r + 3 - 2*r + 0*r - 1. Determine k(u).
-4
Suppose 3*x + i = 11, -4*x + 18 = 4*i - 2*i. Let w(v) = v - 9 + 14 + x. Determine w(-4).
3
Suppose 0 = 5*i + s - 591 + 306, 4*s + 194 = 3*i. Let d(q) = q**2 - 54*q - 233. What is d(i)?
-1
Let i(p) = 4*p**2 - 51*p + 2. Let a be i(13). Let g(l) = 4*l**2 - 3*l**2 - 9 + 2*l + 7*l - 4*l + a. What is g(-4)?
2
Let w(g) = 8*g + 4. Let a(s) = -5*s**2 + 291*s - 58. Let x be a(58). What is w(x)?
4
Suppose 0 = -1287*w + 1298*w + 66. Let s(k) = -3 + 8*k**2 + 2 - 13*k**2 - k**3 + 8*k. Determine s(w).
-13
Suppose -4*r = 3*h - 1767, 4*h = 2*r + 3*r + 2387. Let i(c) = -588*c + 1 + 1 + h*c. What is i(-2)?
-8
Suppose 15*d - 5*d - 1320 = 0. Let l(t) = 7*t**2 + 58*t + 11. Let o be l(-10). Let f = d - o. Let u(x) = 4*x**2 + 2*x - 1. Give u(f).
5
Let t(c) = -2 - c**2 - c + 30 - 13*c - c - 2. Calculate t(-18).
-28
Let b(d) = -d**3 - 2*d**2 + 3*d + 1. Let q = 130 + -60. Let l = 67 - q. Determine b(l).
1
Let m be -3 + 3 + 5 + 1. Let p(b) be the first derivative of -b**2/2 + 7*b + 7. Determine p(m).
1
Let x(c) = 13*c - 372. Let z be (-244)/(-11) - 102/(-17) - (-10)/(-55). What is x(z)?
-8
Let u(x) = -2*x - 4. Let l(r) = 2*r + 5. Let a(f) = -5*l(f) - 6*u(f). Let g be (1/2)/(9/450). Suppose -25 = g*i - 100. What is a(i)?
5
Let z(u) = -3*u**3 + 4*u**2 - 22*u + 45. Let o be z(2). Let a(q) = 15*q + 114. What is a(o)?
9
Let t = 158 + -146. Suppose -19*h = -t*h - 28. Let m(j) be the first derivative of j**3/3 - 2*j**2 + 4*j - 2. What is m(h)?
4
Suppose 0 = -2*s - 57 + 67. Suppose 16*q - 17*q + s = 0. Let w(h) = -4*h + 6. Determine w(q).
-14
Let q(o) = o**3 - o + 2. Suppose 0 = -4*c + 37*c - 330. Let u(p) = -p + 11. Let f be u(c). Determine q(f).
2
Let a(p) be the first derivative of -p**6/120 - p**5/10 - p**4/6 - 5*p**3/2 + 133*p**2/2 - 113. Let r(o) be the second derivative of a(o). Calculate r(-6).
9
Let m(c) = -4*c**2 + 6*c + 6. Let u(y) = -9*y**2 + 14*y + 12. Let j(o) = 7*m(o) - 3*u(o). Let h = -4 + 9. Let x be ((-1)/1)/(1/h). Give j(x).
-19
Let k(a) = -58*a**2 - a + 56*a**2 - 7 - a**3 + 3*a - 6*a. Calculate k(-2).
1
Suppose -3*f + 5 = -4*f. Let a be (192/8)/(-6)*2/(-4). Let k(w) = -w**2 - 2*w**2 - 1 - 17*w**2 - 5*w - w**3 + 14*w**a. Calculate k(f).
-1
Suppose -2*l = -5*r - 6, -6*r + 2*r = -4*l + 12. Suppose -2*s = -2*i + 20, -s - l*i + 6*i = 14. Let n(h) = -h**2 - 5*h + 5. Determine n(s).
-19
Suppose 2*r = -5*f - 363 + 372, 18 = 2*r - 4*f. Let s(u) = -u**2 + 6*u + 9. Let k be s(7). Let h(z) = -6*z**k + 0*z**3 + 3 + z**3 - z - z**2. What is h(r)?
-4
Let h(w) be the first derivative of w**4/4 + 4*w**3/3 - 5*w**2/2 + 6*w + 90. Give h(-5).
6
Let u = 673 + -671. Let v(r) = 193 + 188 - r**3 - 575 + 3*r**u + 192. Determine v(4).
-18
Let g = 87 - 81. Let s be 21/g*(-80)/(-35) + -3. Let x(z) = 3*z + 7. What is x(s)?
22
Let m(g) = -32*g + 330659*g**3 - 5*g**2 - 330658*g**3 + 35 - 8*g**2. Give m(15).
5
Let u(b) = -5*b**2 + 2*b + 3. Let r(i) = 14*i**2 - 6*i - 9. Let s(x) = -6*r(x) - 17*u(x). Let h = -3425 + 3422. What is s(h)?
6
Let y = -211 + 235. Suppose -51 = -y*o - 267. Let g(h) = h + 16. Calculate g(o).
7
Let d(z) = -8*z - 75. Let n(u) = u + 8. Let c(s) = -6*d(s) - 57*n(s). Give c(-3).
21
Let g(j) be the first derivative of -1/2*j**2 - 17 + 2/3*j**3 - 17*j. Let h(b) be the first derivative of g(b). Determine h(-1).
-5
Let a(j) = 10*j**3 - j + 1. Let v(s) = 21*s**2 - 170 - 28*s + 17*s**2 - 55*s**2 + 16*s**2. Let t be v(-9). Give a(t).
10
Let j(n) = -10*n + 176. Let p(k) = -2*k + 37. Let u(f) = -6*j(f) + 29*p(f). Calculate u(-8).
1
Suppose 0 = -t + 3 + 3. Let m(i) = -i + 13. Let k be m(t). Let j(c) = -c + 1. Let q(r) = r**2 - 7*r - 7. Let f(s) = -j(s) - q(s). What is f(k)?
13
Let o(t) = t**3 - 6*t**2 + 5*t + 2. Let m = 58 - 46. Let h(y) = -22 + m + 2 + 3*y. Let w be h(4). Give o(w).
-10
Let o(j) = 11*j - 14*j - 64 - 58 + 122. Determine o(-9).
27
Let c(f) be the first derivative of -3*f**4/2 - 2*f**3/3 + f**2 + 1460. What is c(1)?
-6
Let y be 96/44 - (-5 - (-114)/22). Let u(h) = -26 + 48 + y*h - 23. Calculate u(-6).
-13
Let g(t) = 36*t - 529. Let a be g(15). Let y(h) = h**3 - 12*h**2 + 9*h + 16. Calculate y(a).
-6
Let a(q) = q - 3*q + 0*q. Suppose 5*k - 87 + 12 = 0. Let u be 18/k*55/(-22). Give a(u).
6
Let b = 3696 - 3695. Let i(v) = -23*v + 26. Give i(b).
3
Let t(m) be the third derivative of -13*m**4/12 - m**3/3 - m**2 - 40*m. Let n(v) = -22*v - 2. Let k(o) = 6*n(o) - 5*t(o). What is k(1)?
-4
Let z = 89 - 81. Let k(l) = -4*l + 25. Calculate k(z).
-7
Let j(o) = o**3 + 5*o**2 - 9*o - 8. Let i be (-1095)/150 - (-12)/40. What is j(i)?
-43
Let b(i) be the third derivative of i**6/120 + i**5/10 + 5*i**3/6 - 2*i**2. Suppose 3*k = 3, -22*p + 2*k + 10 = -24*p. Determine b(p).
5
Let w = -7880 + 7904. Let c(i) = 2*i**3 - 47*i**2 - 22*i - 25. Give c(w).
23
Let b be (5 - (-4 - 3)) + -9. Let y(j) = -5*j - 6*j**2 + 4 + 14*j**3 - 2*j**3 - 9*j**b + 1 - 4*j**3. What is y(-6)?
35
Suppose 32*c + 856 = 127*c + 119*c. Let b(p) be the third derivative of p**2 - 7/60*p**5 + 1/3*p**c - 4/3*p**3 + 1/120*p**6 - 35 + 0*p. What is b(6)?
4
Let x(c) = 5*c - 4*c + 34 + 0*c - 23. Let n be x(-2). Let w(l) = l**3 - 10*l**2 + 8*l + 7. Give w(n).
-2
Let x(f) = -f**3 + 28*f**2 + 3. Let k be x(28). Let t(o) = 2*o**3 - o**2 + 2*o - 1. Let i(a) = -3*a**3 - a**2 - 6*a. Let c(n) = -i(n) - 2*t(n). What is c(k)?
8
Let z(q) = q**3 - 6*q**2. Let m be (-4 + -2 + 5)*-3. Suppose -l + 6*c = -36, c + m*c = 3*l - 38. What is z(l)?
0
Let d(b) = -24 + 13*b - 27 - 34 - 21 + 103. Give d(0).
-3
Let r(t) be the second derivative of -t**4/6 + 2*t**3 + t**2 + 22*t. Let q = -576 + 582. Calculate r(q).
2
Let o(v) = 3*v**3 - 8*v**2 + 7*v + 13. Let k(l) = -4*l**3 + 6*l**2 - 6*l - 15. Let u(w) = 2*k(w) + 3*o(w). Give u(11).
-13
Suppose -777*u - 105 = -798*u. Let i(l) be the third derivative of 1/30*l**u - 1/6*l**3 + 0*l - 1/6*l**4 + 0 + 5*l**2. Determine i(4).
15
Let c be 0/26 - (14 - (4 - 2)). Let o be 5 - ((-7)/((-28)/c) + 5). Let b(v) = -5*v - 3. Calculate b(o).
-18
Let i(f) = f**2 - 8*f + 4. Suppose 4*x + 34 = 5*u, 2*x = u + 3*u - 32. Let v be 12/(-10)*u/(-3). Suppose 3*g + 2*g - 2*t = 25, -v*g - 3*t = -43. Give i(g).
-3
Let u(o) = o**3 + 9*o**2 - o. Let k(r) = -r. Let i(p) = -p**2 - 1. Let z(v) = i(v) + k(v). Let c(s) = u(s) + 4*z(s). Let h be -4 - (5 - 1 - 3). What is c(h)?
21
Suppose 5*i = 44 + 1. Let t = i - 7